 + c*l**3. What is t(1)?
13
Let c(x) be the third derivative of 0*x**3 - 1/2*x**4 + 0*x + 3*x**2 + 95. Determine c(-1).
12
Let a = 153 + -152. Let p(h) = a - 6*h - 10 + 2 + 40*h**2 - 39*h**2. Let l(r) = r**3 + r**2 - r + 5. Let y be l(0). Give p(y).
-12
Let b(f) = 8*f + 5*f + 388*f**2 - 771*f**2 + 382*f**2 - 9. Determine b(11).
13
Suppose -4*z - 5*p = -23, -z - 14 = -2*z - 4*p. Let v(m) = 3*m - 1. Let d(y) = -1. Let i(a) = d(a) + v(a). Calculate i(z).
4
Suppose 3*d + 2*d + 846 = -2*z, 0 = -3*d - z - 508. Let g = -164 - d. Let n(r) = 6 - 7*r**2 + 0*r**3 + r**3 - 2*r + 4*r. What is n(g)?
-18
Let x be ((-40)/(-5) + -7)/(4/(5 - -7)). Let q(y) = -2*y**2 + y - y**2 - y**3 + 7 + 5*y**2. Give q(x).
1
Let u(m) = -14*m**2 + m + 1. Let q(w) = 85*w**2 + w - 42. Let i(g) = -q(g) - 6*u(g). Give i(-12).
-24
Let p(x) = 3*x**3 - 2*x - 1. Let n(b) = 2*b**3 - 7*b**2 + 6*b - 11. Let o = 352 - 349. Let g be n(o). Calculate p(g).
-21
Let r(h) be the second derivative of -17*h**3/6 + 24*h**2 + h - 13. Calculate r(4).
-20
Let j(b) be the third derivative of -5/6*b**3 + 1/8*b**4 + 0 - 24*b**2 + 1/60*b**5 + 0*b. Let f(m) = -6*m**3 + 2*m**2 - m. Let r be f(1). Give j(r).
5
Let w(v) = -v - 1. Suppose 220*j - 215*j - 320 = 0. Suppose -17*y - j = -9*y. Give w(y).
7
Suppose 0*r = -r + 2. Suppose 22 = 8*n - r. Let s be (-10 + (n - 2))*(-7)/21. Let h(d) = d + 4. Give h(s).
7
Let p(j) = 8*j**2 + 14*j - 53. Let s(y) = 7*y**2 + 12*y - 37. Let h(c) = 2*p(c) - 3*s(c). Calculate h(0).
5
Let x be (-1726)/(-3) - 5*(-9)/(-135). Let d = 584 - x. Let h(c) = 2*c - 10. What is h(d)?
8
Let o(v) = -v - 12. Suppose 3*s - 237 = 3*t, t - 321 = -3*s - s. Let g be (-1)/((4/6)/(s/24)). What is o(g)?
-7
Let z(k) be the first derivative of -k**3/3 - 5*k**2 - 22*k - 9517. What is z(-5)?
3
Let g(l) = 3*l - 580. Let v(f) = -f + 7. Let r(p) = -g(p) + 7*v(p). Determine r(63).
-1
Let l(k) = -10*k - 36. Let j(r) = r. Let h(q) = -3*j(q) - l(q). Let m be h(-5). Let x(a) = 4*a - 10*a - 7*a + m. Calculate x(-1).
14
Let q = -2443 + 2440. Let f(i) = -i**3 - 4*i - 3. Give f(q).
36
Suppose 7*q - 9 = 5. Suppose -q*u + 70 = 5*u. Let a(p) = 2 + 0 - p**2 - u*p + 18*p. Determine a(8).
2
Let k(c) be the third derivative of -c**5/60 + 5*c**4/24 + c**3/6 - 2*c**2. Suppose -2*b + t = -5, -13*b + t - 11 + 82 = 0. Give k(b).
-5
Let k = -1526/3 + 509. Let j(b) be the third derivative of -1/60*b**5 + 0 + 5/24*b**4 + 0*b - 19*b**2 + k*b**3. Determine j(5).
2
Let d(m) = -m**3 - 3*m**2 + 9*m + 4. Let f(s) = -s**3 - 4*s**2 + 8*s + 4. Let g(u) = -2*d(u) + 3*f(u). Let t be -2 + -1 - (8/20)/((-4)/(-40)). Determine g(t).
11
Let a(o) = 0 - 4*o - 1 + 0 - 1. Let d = 60 - 189. Let q = -126 - d. Determine a(q).
-14
Let b(k) = 3*k**3 + 21*k**2 + 14*k + 12. Let n(u) = -2*u**3 - 14*u**2 - 9*u - 8. Let v(q) = 5*b(q) + 7*n(q). Suppose -17 - 1 = 3*y. Determine v(y).
-2
Let u(i) be the first derivative of -8*i**2 + 142*i - 78. Let z be u(9). Let d(s) = -s**3 - 3*s**2 - 3*s. Give d(z).
2
Let b(y) be the third derivative of 5*y**4/24 - 4*y**3 - 14*y**2 - 20. Determine b(6).
6
Let g(d) = -12*d + 56. Suppose 0*r = -r - 4 + 15. What is g(r)?
-76
Let r(t) = -84*t + 2806. Let s be r(33). Let p(d) = 5*d**2 - 168*d - 73. Determine p(s).
-5
Suppose 13 = 5*y + 3. Let p(i) = -9*i - 5. Let v(k) = 4*k - 3*k + 14*k - 7*k + 4. Let z(l) = -4*p(l) - 5*v(l). Calculate z(y).
-8
Let g(b) = b**2 + 58*b + 690. Let m be g(-17). Let z(s) = s + 14. Give z(m).
7
Let r(u) = 6*u + 8839 - 17643 + 8841. Calculate r(-11).
-29
Let g(r) = r**3 + 4*r**2 + 2*r + 10. Let h(v) = v**2 - 11*v + 18. Let o be h(8). Give g(o).
-74
Let t(h) = h**3 - h**2 + h + 6. Suppose 39*q - 46*q + 98 = 0. Let v = -14 + q. Calculate t(v).
6
Let a(f) be the first derivative of f**5/120 - 2*f**3/3 - 6. Let u(z) be the third derivative of a(z). Let j(c) = -44*c - 170. Let r be j(-4). Give u(r).
6
Let w(m) = 13*m**3 - 3*m**2 - 5*m - 2. Let z(b) be the third derivative of -b**6/60 + b**5/60 + 3*b**2 + 8*b. Let l(k) = w(k) + 6*z(k). Give l(-4).
2
Let n(r) = -2*r - 16. Let h(u) = u + 7. Let y be h(-4). Let b be 169/13 - (y + 1). Suppose b*l + 101 = 2. Determine n(l).
6
Suppose 5*p = 3 - 68. Let m = -7 - p. Let j(v) = -10*v + m*v + 5*v - 6. Calculate j(3).
-3
Let q(f) = 7*f + 3. Suppose -13*z = -16*z - t - 5, 3*z + 5*t = -37. What is q(z)?
10
Let w(h) = h**2 + 12*h + 12. Suppose -5*n + 2*s = 32, -3*s - 20 = 26*n - 25*n. Give w(n).
-20
Let z be 27/18*(-150)/(-9). Suppose 63*q + z = 68*q. Let f(x) be the first derivative of -x**4/4 + 5*x**3/3 + x**2/2 - 6*x + 2. Calculate f(q).
-1
Let j(c) be the third derivative of 1/30*c**5 + 1/3*c**3 + 2 - 4*c**2 + 0*c + 1/8*c**4. Determine j(-1).
1
Let l(p) = -58*p - 536*p**2 + 322 + 916*p**2 - 381*p**2. Calculate l(5).
7
Let s(v) = 87691 - 87726 + v**2 + 5*v - 6*v. Determine s(8).
21
Let s(l) = -183 - 103*l + 50 + 244*l - 118*l - 109. What is s(11)?
11
Let w(u) = -u**2 - 8*u. Let f(k) = -15*k - 3. Let d be f(5). Let p be 9/(-18) - (d/4)/(-3). Let q(v) = -v**3 - 3*v**2 + 29*v + 1. Let r be q(p). Calculate w(r).
12
Let r(p) = -3*p - 23. Suppose 0 = -10*x - 957 + 47. Let v be (9/3)/(39/x). Calculate r(v).
-2
Let a(x) = 0*x**2 + 7*x**2 - 2*x**2 - 120 - 4*x - x**3 - 71 + 188. What is a(3)?
3
Let n be ((-4)/4)/((-4)/(-16)). Let l(p) be the first derivative of -p**3/3 - 3*p**2 - 3*p - 288. Determine l(n).
5
Let f(t) = 3*t**3 + 7*t**2 + 13*t - 29. Let p(u) = 2*u**3 - 2*u**2. Let c(o) = f(o) - p(o). Give c(-7).
-22
Let d(x) = x**2 + 20*x - 14. Let u(z) = 44*z**2 + 182*z + 4. Let h be u(-4). Give d(h).
-14
Let a = 121 + -131. Let l be (-6 - a)/(3/6). Let i(c) be the second derivative of -c**5/20 + 3*c**4/4 - 7*c**3/6 - 3*c**2 - 2*c. What is i(l)?
2
Let b(s) = 12*s - 7. Let c(i) be the first derivative of -13*i**2/2 + 5*i + 118. Let h(g) = 2*b(g) + 3*c(g). What is h(2)?
-29
Suppose -55*b + 57*b + 18 = 0. Let j be 220/18 - (-2)/(-9). Let n(r) = 5*r**2 - r - 7*r + j - 6*r**2. Determine n(b).
3
Let g(t) = -t**2 - 5*t + 7. Let w be g(-6). Let u(x) = 9*x + 20. Let c(r) = 90*r + 204. Let a(q) = 5*c(q) - 51*u(q). Calculate a(w).
-9
Let h(g) be the first derivative of 1/2*g**2 - 4*g + 108. Suppose 5*f - 20 = -5. What is h(f)?
-1
Let x(m) = -m**3 + 2*m**2 + m + 9. Let d(l) = -l**2 - 14*l + 3. Let i be d(-14). Let k be x(i). Let n be -8 + k - (2 + -4). Let u(z) = 3*z + 1. Determine u(n).
-8
Let i(y) be the first derivative of y**3/3 + y**2 - 114*y + 273. Let b(w) be the first derivative of i(w). Calculate b(11).
24
Let g(z) be the second derivative of -z**5/20 - z**4/2 - z**3/6 - 2*z**2 + 2*z. Let a = -155 + 176. Let f be (3 - 75/a) + 114/(-21). What is g(f)?
2
Let b(g) = 8*g - 56. Let f = -4128 + 4134. Calculate b(f).
-8
Let i(m) = -m**2 + 25*m + 4. Let t = -30575 + 30601. Give i(t).
-22
Let c(b) = 14*b - 35*b + 13*b - 2 + 9*b. Let m(x) = 2*x**2 - 11*x + 2. Let t(u) = u**3 + 5*u**2 - 9*u - 12. Let q be t(-6). Let a be m(q). Determine c(a).
6
Let j(b) = 14*b**2 + 2*b - 1. Let s(p) = p**3 - 8*p**2 - 6*p + 3. Let q(m) = -m**3 + 9*m**2 + 7*m - 2. Let o(v) = -4*q(v) - 5*s(v). Let t be o(4). What is j(t)?
15
Let z(x) = 6*x**2 + x. Suppose 108*o = 117*o. Let g be ((-16)/(-4) - o)*(-3)/(-12). What is z(g)?
7
Let x be (215 + -224 + 1 + -46)*(-2)/(-6). Let m(r) = r**3 + 18*r**2 - 2*r + 11. Determine m(x).
47
Let c(z) be the third derivative of -14*z**5/15 + 5*z**4/24 - 2*z**3/3 - 794*z**2 - 7. Calculate c(1).
-55
Suppose -101*j + 44 = -96*j - 4*a, -15 = -2*j - a. Let n(z) = -z**2 + 6*z - 4. Give n(j).
-20
Suppose 119*r - 798 = 98*r. Let v(u) = u**3 - 39*u**2 + 37*u + 44. Determine v(r).
6
Let n = 46 - 43. Suppose -71*a + n = -74*a. Let p be (0 - 0)*a/3. Let x(y) = y**2 + y. Determine x(p).
0
Let z(q) = 6306 - q - q**2 - 12587 + 0*q + 15*q + 6298. Give z(17).
-34
Let y(k) = -k + 2. Let z be -38 - 2*(-2 - -1). Suppose 35 = 2*a + 29. Let h be 6/z + a/18. Give y(h).
2
Suppose 3*b - 30 = 5*g - 6*g, -4*g = 4*b - 48. Let p be b - ((3 + 0 - 6) + 6). Let u(x) = x - 2*x**3 + x**3 - 8*x**2 + p*x - 7 + 2*x**3. Calculate u(7).
-7
Let g = -1168 - -1166. Let a(c) = -2*c**3 + 5*c**2 - 6*c - 2. Let u(j) = -4*j**3 + 11*j**2 - 13*j - 4. Let y(s) = -13*a(s) + 6*u(s). What is y(g)?
-10
Let g(c) = c**3 - 5*c**2 + 5*c - 3. Suppose 5*n + 10 = 5. Let b be (-2 - (-3 - -6))*n. Suppose -b*a + 3 = 2*t - 7, -3*t - 23 = -2*a. Wh